{"id":1517,"date":"2022-08-03T09:18:38","date_gmt":"2022-08-03T09:18:38","guid":{"rendered":"https:\/\/www3.ameba.ch\/?page_id=1517"},"modified":"2024-05-31T10:51:30","modified_gmt":"2024-05-31T10:51:30","slug":"workshops","status":"publish","type":"page","link":"https:\/\/www.ameba.ch\/index.php\/workshops\/","title":{"rendered":"Workshops"},"content":{"rendered":"<p><section class=\"kc-elm kc-css-130623 kc_row\"><div class=\"kc-row-container  kc-container\"><div class=\"kc-wrap-columns\"><div class=\"kc-elm kc-css-132453 kc_col-sm-7 kc_column kc_col-sm-7\"><div class=\"kc-col-container\">\n<div class=\"kc-elm kc-css-361574 kc-title-wrap \">\n\n\t<h1 class=\"kc_title\">Workshops von Profis f\u00fcr Profis<\/h1>\n<\/div>\n<div class=\"kc-elm kc-css-584802 kc_text_block\"><\/p>\n<p>\nIn regelm\u00e4ssigen Abst\u00e4nden veranstalten wir in unseren R\u00e4umen Workshops mit ausgewiesenen Profis zu hochspezialisierten Themen, u.a. f\u00fcr Steinmetze und Bildhauer zu <a href=\"https:\/\/www3.ameba.ch\/index.php\/services\/abformmassen\/\" target=\"_blank\" rel=\"noopener\">Formenbau<\/a>. In Zukunft folgen auch Workshops zu <a href=\"https:\/\/www3.ameba.ch\/index.php\/services\/elektrovergussmassen\/\" target=\"_blank\" rel=\"noopener\">Elektrovergussmassen<\/a> und Klebeanwendungen mit <a href=\"https:\/\/www3.ameba.ch\/index.php\/services\/klebstoffe\/\" target=\"_blank\" rel=\"noopener\">Strukturklebstoffen<\/a>.<\/p>\n<p>\n<\/div><div class=\"kc-elm kc-css-387953\" style=\"height: 20px; clear: both; width:100%;\"><\/div>\n<div class=\"kc-elm kc-css-524922 kc-title-wrap \">\n\n\t<h3 class=\"kc_title\">N\u00e4chste Workshoptermine folgen demn\u00e4chst<\/h3>\n<\/div>\n<\/div><\/div><div class=\"kc-elm kc-css-982924 kc_col-sm-5 kc_column kc_col-sm-5\"><div class=\"kc-col-container\"><div class=\"kc-elm kc-css-784673\" style=\"height: 81px; clear: both; width:100%;\"><\/div><div class=\"kc-elm kc-css-333856 kc_shortcode kc_single_image\">\n\n        <img decoding=\"async\" src=\"https:\/\/www.ameba.ch\/wp-content\/uploads\/2017\/09\/IMG20220622093356.jpg\" class=\"\" alt=\"\" \/>    <\/div>\n<div class=\"kc-elm kc-css-942273 kc_row kc_row_inner\"><div class=\"kc-elm kc-css-214174 kc_col-sm-6 kc_column_inner kc_col-sm-6\"><div class=\"kc_wrapper kc-col-inner-container\"><div class=\"kc-elm kc-css-713631 kc_shortcode kc_single_image\">\n\n        <img decoding=\"async\" src=\"https:\/\/www.ameba.ch\/wp-content\/uploads\/2017\/09\/IMG20220622091601.jpg\" class=\"\" alt=\"\" \/>    <\/div>\n<\/div><\/div><div class=\"kc-elm kc-css-114388 kc_col-sm-6 kc_column_inner kc_col-sm-6\"><div class=\"kc_wrapper kc-col-inner-container\"><div class=\"kc-elm kc-css-642208 kc_shortcode kc_single_image\">\n\n        <img decoding=\"async\" src=\"https:\/\/www.ameba.ch\/wp-content\/uploads\/2017\/09\/IMG20220622161938.jpg\" class=\"\" alt=\"\" \/>    <\/div>\n<\/div><\/div><\/div><\/div><\/div><\/div><\/div><\/section><section class=\"kc-elm kc-css-594636 kc_row\"><div class=\"kc-row-container  kc-container\"><div class=\"kc-wrap-columns\"><div class=\"kc-elm kc-css-648949 kc_col-sm-12 kc_column kc_col-sm-12\"><div class=\"kc-col-container\"><div class=\"kc-elm kc-css-641492 kc_box_wrap \"><div><div class=\"one-one\"><p><br><\/p><\/div><\/div><\/div><\/div><\/div><\/div><\/div><\/section><section class=\"kc-elm kc-css-627448 kc_row\"><div class=\"kc-row-container  kc-container\"><div class=\"kc-wrap-columns\"><div class=\"kc-elm kc-css-39059 kc_col-sm-12 kc_column kc_col-sm-12\"><div class=\"kc-col-container\"><div class=\"kc-elm kc-css-190449 kc_row kc_row_inner\"><div class=\"kc-elm kc-css-116024 kc_col-sm-6 kc_column_inner kc_col-sm-6\"><div class=\"kc_wrapper kc-col-inner-container\"><\/div><\/div><div class=\"kc-elm kc-css-413126 kc_col-sm-6 kc_column_inner kc_col-sm-6\"><div class=\"kc_wrapper kc-col-inner-container\"><\/div><\/div><\/div><\/div><\/div><\/div><\/div><\/section><\/p>\n","protected":false},"excerpt":{"rendered":"","protected":false},"author":1,"featured_media":0,"parent":0,"menu_order":0,"comment_status":"closed","ping_status":"closed","template":"","meta":{"footnotes":""},"class_list":["post-1517","page","type-page","status-publish","hentry"],"yoast_head":"<!-- This site is optimized with the Yoast SEO plugin v27.2 - https:\/\/yoast.com\/product\/yoast-seo-wordpress\/ -->\n<title>Workshops - Ameba AG<\/title>\n<meta name=\"description\" content=\"Wir bieten Workshops u.a. f\u00fcr Bildhauer, Steinmetze, Klebstofffachleute an. Rufen Sie uns an unter 061 322 24 42.\" \/>\n<meta name=\"robots\" content=\"index, follow, max-snippet:-1, max-image-preview:large, max-video-preview:-1\" \/>\n<link rel=\"canonical\" href=\"https:\/\/www.ameba.ch\/index.php\/workshops\/\" \/>\n<meta property=\"og:locale\" content=\"de_DE\" \/>\n<meta property=\"og:type\" content=\"article\" \/>\n<meta property=\"og:title\" content=\"Workshops - Ameba AG\" \/>\n<meta property=\"og:description\" content=\"Wir bieten Workshops u.a. f\u00fcr Bildhauer, Steinmetze, Klebstofffachleute an. Rufen Sie uns an unter 061 322 24 42.\" \/>\n<meta property=\"og:url\" content=\"https:\/\/www.ameba.ch\/index.php\/workshops\/\" \/>\n<meta property=\"og:site_name\" content=\"Ameba AG\" \/>\n<meta property=\"article:modified_time\" content=\"2024-05-31T10:51:30+00:00\" \/>\n<meta property=\"og:image\" content=\"https:\/\/www.ameba.ch\/wp-content\/uploads\/2017\/09\/IMG20220622093356.jpg\" \/>\n<meta name=\"twitter:card\" content=\"summary_large_image\" \/>\n<meta name=\"twitter:label1\" content=\"Gesch\u00e4tzte Lesezeit\" \/>\n\t<meta name=\"twitter:data1\" content=\"2\u00a0Minuten\" \/>\n<script type=\"application\/ld+json\" class=\"yoast-schema-graph\">{\"@context\":\"https:\/\/schema.org\",\"@graph\":[{\"@type\":\"WebPage\",\"@id\":\"https:\/\/www.ameba.ch\/index.php\/workshops\/\",\"url\":\"https:\/\/www.ameba.ch\/index.php\/workshops\/\",\"name\":\"Workshops - Ameba AG\",\"isPartOf\":{\"@id\":\"https:\/\/www.ameba.ch\/#website\"},\"primaryImageOfPage\":{\"@id\":\"https:\/\/www.ameba.ch\/index.php\/workshops\/#primaryimage\"},\"image\":{\"@id\":\"https:\/\/www.ameba.ch\/index.php\/workshops\/#primaryimage\"},\"thumbnailUrl\":\"https:\/\/www.ameba.ch\/wp-content\/uploads\/2017\/09\/IMG20220622093356.jpg\",\"datePublished\":\"2022-08-03T09:18:38+00:00\",\"dateModified\":\"2024-05-31T10:51:30+00:00\",\"description\":\"Wir bieten Workshops u.a. f\u00fcr Bildhauer, Steinmetze, Klebstofffachleute an. Rufen Sie uns an unter 061 322 24 42.\",\"breadcrumb\":{\"@id\":\"https:\/\/www.ameba.ch\/index.php\/workshops\/#breadcrumb\"},\"inLanguage\":\"de\",\"potentialAction\":[{\"@type\":\"ReadAction\",\"target\":[\"https:\/\/www.ameba.ch\/index.php\/workshops\/\"]}]},{\"@type\":\"ImageObject\",\"inLanguage\":\"de\",\"@id\":\"https:\/\/www.ameba.ch\/index.php\/workshops\/#primaryimage\",\"url\":\"https:\/\/www.ameba.ch\/wp-content\/uploads\/2017\/09\/IMG20220622093356.jpg\",\"contentUrl\":\"https:\/\/www.ameba.ch\/wp-content\/uploads\/2017\/09\/IMG20220622093356.jpg\",\"width\":1600,\"height\":1200,\"caption\":\"Workshop Gussformenbau\"},{\"@type\":\"BreadcrumbList\",\"@id\":\"https:\/\/www.ameba.ch\/index.php\/workshops\/#breadcrumb\",\"itemListElement\":[{\"@type\":\"ListItem\",\"position\":1,\"name\":\"Home\",\"item\":\"https:\/\/www.ameba.ch\/\"},{\"@type\":\"ListItem\",\"position\":2,\"name\":\"Workshops\"}]},{\"@type\":\"WebSite\",\"@id\":\"https:\/\/www.ameba.ch\/#website\",\"url\":\"https:\/\/www.ameba.ch\/\",\"name\":\"Ameba AG\",\"description\":\"\",\"publisher\":{\"@id\":\"https:\/\/www.ameba.ch\/#organization\"},\"potentialAction\":[{\"@type\":\"SearchAction\",\"target\":{\"@type\":\"EntryPoint\",\"urlTemplate\":\"https:\/\/www.ameba.ch\/?s={search_term_string}\"},\"query-input\":{\"@type\":\"PropertyValueSpecification\",\"valueRequired\":true,\"valueName\":\"search_term_string\"}}],\"inLanguage\":\"de\"},{\"@type\":\"Organization\",\"@id\":\"https:\/\/www.ameba.ch\/#organization\",\"name\":\"Ameba AG\",\"url\":\"https:\/\/www.ameba.ch\/\",\"logo\":{\"@type\":\"ImageObject\",\"inLanguage\":\"de\",\"@id\":\"https:\/\/www.ameba.ch\/#\/schema\/logo\/image\/\",\"url\":\"https:\/\/www.ameba.ch\/wp-content\/uploads\/2017\/09\/cropped-logo-1.png\",\"contentUrl\":\"https:\/\/www.ameba.ch\/wp-content\/uploads\/2017\/09\/cropped-logo-1.png\",\"width\":85,\"height\":85,\"caption\":\"Ameba AG\"},\"image\":{\"@id\":\"https:\/\/www.ameba.ch\/#\/schema\/logo\/image\/\"}}]}<\/script>\n<!-- \/ Yoast SEO plugin. -->","yoast_head_json":{"title":"Workshops - Ameba AG","description":"Wir bieten Workshops u.a. f\u00fcr Bildhauer, Steinmetze, Klebstofffachleute an. Rufen Sie uns an unter 061 322 24 42.","robots":{"index":"index","follow":"follow","max-snippet":"max-snippet:-1","max-image-preview":"max-image-preview:large","max-video-preview":"max-video-preview:-1"},"canonical":"https:\/\/www.ameba.ch\/index.php\/workshops\/","og_locale":"de_DE","og_type":"article","og_title":"Workshops - Ameba AG","og_description":"Wir bieten Workshops u.a. f\u00fcr Bildhauer, Steinmetze, Klebstofffachleute an. Rufen Sie uns an unter 061 322 24 42.","og_url":"https:\/\/www.ameba.ch\/index.php\/workshops\/","og_site_name":"Ameba AG","article_modified_time":"2024-05-31T10:51:30+00:00","og_image":[{"url":"https:\/\/www.ameba.ch\/wp-content\/uploads\/2017\/09\/IMG20220622093356.jpg","type":"","width":"","height":""}],"twitter_card":"summary_large_image","twitter_misc":{"Gesch\u00e4tzte Lesezeit":"2\u00a0Minuten"},"schema":{"@context":"https:\/\/schema.org","@graph":[{"@type":"WebPage","@id":"https:\/\/www.ameba.ch\/index.php\/workshops\/","url":"https:\/\/www.ameba.ch\/index.php\/workshops\/","name":"Workshops - Ameba AG","isPartOf":{"@id":"https:\/\/www.ameba.ch\/#website"},"primaryImageOfPage":{"@id":"https:\/\/www.ameba.ch\/index.php\/workshops\/#primaryimage"},"image":{"@id":"https:\/\/www.ameba.ch\/index.php\/workshops\/#primaryimage"},"thumbnailUrl":"https:\/\/www.ameba.ch\/wp-content\/uploads\/2017\/09\/IMG20220622093356.jpg","datePublished":"2022-08-03T09:18:38+00:00","dateModified":"2024-05-31T10:51:30+00:00","description":"Wir bieten Workshops u.a. f\u00fcr Bildhauer, Steinmetze, Klebstofffachleute an. Rufen Sie uns an unter 061 322 24 42.","breadcrumb":{"@id":"https:\/\/www.ameba.ch\/index.php\/workshops\/#breadcrumb"},"inLanguage":"de","potentialAction":[{"@type":"ReadAction","target":["https:\/\/www.ameba.ch\/index.php\/workshops\/"]}]},{"@type":"ImageObject","inLanguage":"de","@id":"https:\/\/www.ameba.ch\/index.php\/workshops\/#primaryimage","url":"https:\/\/www.ameba.ch\/wp-content\/uploads\/2017\/09\/IMG20220622093356.jpg","contentUrl":"https:\/\/www.ameba.ch\/wp-content\/uploads\/2017\/09\/IMG20220622093356.jpg","width":1600,"height":1200,"caption":"Workshop Gussformenbau"},{"@type":"BreadcrumbList","@id":"https:\/\/www.ameba.ch\/index.php\/workshops\/#breadcrumb","itemListElement":[{"@type":"ListItem","position":1,"name":"Home","item":"https:\/\/www.ameba.ch\/"},{"@type":"ListItem","position":2,"name":"Workshops"}]},{"@type":"WebSite","@id":"https:\/\/www.ameba.ch\/#website","url":"https:\/\/www.ameba.ch\/","name":"Ameba AG","description":"","publisher":{"@id":"https:\/\/www.ameba.ch\/#organization"},"potentialAction":[{"@type":"SearchAction","target":{"@type":"EntryPoint","urlTemplate":"https:\/\/www.ameba.ch\/?s={search_term_string}"},"query-input":{"@type":"PropertyValueSpecification","valueRequired":true,"valueName":"search_term_string"}}],"inLanguage":"de"},{"@type":"Organization","@id":"https:\/\/www.ameba.ch\/#organization","name":"Ameba AG","url":"https:\/\/www.ameba.ch\/","logo":{"@type":"ImageObject","inLanguage":"de","@id":"https:\/\/www.ameba.ch\/#\/schema\/logo\/image\/","url":"https:\/\/www.ameba.ch\/wp-content\/uploads\/2017\/09\/cropped-logo-1.png","contentUrl":"https:\/\/www.ameba.ch\/wp-content\/uploads\/2017\/09\/cropped-logo-1.png","width":85,"height":85,"caption":"Ameba AG"},"image":{"@id":"https:\/\/www.ameba.ch\/#\/schema\/logo\/image\/"}}]}},"_links":{"self":[{"href":"https:\/\/www.ameba.ch\/index.php\/wp-json\/wp\/v2\/pages\/1517","targetHints":{"allow":["GET"]}}],"collection":[{"href":"https:\/\/www.ameba.ch\/index.php\/wp-json\/wp\/v2\/pages"}],"about":[{"href":"https:\/\/www.ameba.ch\/index.php\/wp-json\/wp\/v2\/types\/page"}],"author":[{"embeddable":true,"href":"https:\/\/www.ameba.ch\/index.php\/wp-json\/wp\/v2\/users\/1"}],"replies":[{"embeddable":true,"href":"https:\/\/www.ameba.ch\/index.php\/wp-json\/wp\/v2\/comments?post=1517"}],"version-history":[{"count":54,"href":"https:\/\/www.ameba.ch\/index.php\/wp-json\/wp\/v2\/pages\/1517\/revisions"}],"predecessor-version":[{"id":1896,"href":"https:\/\/www.ameba.ch\/index.php\/wp-json\/wp\/v2\/pages\/1517\/revisions\/1896"}],"wp:attachment":[{"href":"https:\/\/www.ameba.ch\/index.php\/wp-json\/wp\/v2\/media?parent=1517"}],"curies":[{"name":"wp","href":"https:\/\/api.w.org\/{rel}","templated":true}]}}